[INFO] cloning repository https://github.com/CKalt/robby
[INFO] running `Command { std: "git" "-c" "credential.helper=" "-c" "credential.helper=/workspace/cargo-home/bin/git-credential-null" "clone" "--bare" "https://github.com/CKalt/robby" "/workspace/cache/git-repos/https%3A%2F%2Fgithub.com%2FCKalt%2Frobby", kill_on_drop: false }`
[INFO] [stderr] Cloning into bare repository '/workspace/cache/git-repos/https%3A%2F%2Fgithub.com%2FCKalt%2Frobby'...
[INFO] running `Command { std: "git" "rev-parse" "HEAD", kill_on_drop: false }`
[INFO] [stdout] 7e1f247f13103f4cf3489abbf87410cbbe625185
[INFO] checking CKalt/robby against master#e6e4f7ed1589e03bc2f6c5931c1a72e7947e8682 for beta-170-4
[INFO] running `Command { std: "git" "clone" "/workspace/cache/git-repos/https%3A%2F%2Fgithub.com%2FCKalt%2Frobby" "/workspace/builds/worker-5-tc2/source", kill_on_drop: false }`
[INFO] [stderr] Cloning into '/workspace/builds/worker-5-tc2/source'...
[INFO] [stderr] done.
[INFO] validating manifest of git repo https://github.com/CKalt/robby on toolchain e6e4f7ed1589e03bc2f6c5931c1a72e7947e8682
[INFO] running `Command { std: CARGO_HOME="/workspace/cargo-home" RUSTUP_HOME="/workspace/rustup-home" "/workspace/cargo-home/bin/cargo" "+e6e4f7ed1589e03bc2f6c5931c1a72e7947e8682" "metadata" "--manifest-path" "Cargo.toml" "--no-deps", kill_on_drop: false }`
[INFO] removed /workspace/builds/worker-5-tc2/source/.cargo/config.toml
[INFO] started tweaking git repo https://github.com/CKalt/robby
[INFO] finished tweaking git repo https://github.com/CKalt/robby
[INFO] tweaked toml for git repo https://github.com/CKalt/robby written to /workspace/builds/worker-5-tc2/source/Cargo.toml
[INFO] crate git repo https://github.com/CKalt/robby already has a lockfile, it will not be regenerated
[INFO] running `Command { std: CARGO_HOME="/workspace/cargo-home" RUSTUP_HOME="/workspace/rustup-home" "/workspace/cargo-home/bin/cargo" "+e6e4f7ed1589e03bc2f6c5931c1a72e7947e8682" "fetch" "--manifest-path" "Cargo.toml", kill_on_drop: false }`
[INFO] running `Command { std: "docker" "create" "-v" "/var/lib/crater-agent-workspace/builds/worker-5-tc2/target:/opt/rustwide/target:rw,Z" "-v" "/var/lib/crater-agent-workspace/builds/worker-5-tc2/source:/opt/rustwide/workdir:ro,Z" "-v" "/var/lib/crater-agent-workspace/cargo-home:/opt/rustwide/cargo-home:ro,Z" "-v" "/var/lib/crater-agent-workspace/rustup-home:/opt/rustwide/rustup-home:ro,Z" "-e" "SOURCE_DIR=/opt/rustwide/workdir" "-e" "CARGO_TARGET_DIR=/opt/rustwide/target" "-e" "CARGO_HOME=/opt/rustwide/cargo-home" "-e" "RUSTUP_HOME=/opt/rustwide/rustup-home" "-w" "/opt/rustwide/workdir" "-m" "1610612736" "--user" "0:0" "--network" "none" "ghcr.io/rust-lang/crates-build-env/linux@sha256:5ff2268d62e97bff2cde7d5815dd6ed5b47097566f13b8d0ca110b04b60e07ed" "/opt/rustwide/cargo-home/bin/cargo" "+e6e4f7ed1589e03bc2f6c5931c1a72e7947e8682" "metadata" "--no-deps" "--format-version=1", kill_on_drop: false }`
[INFO] [stdout] 24a64badb1375d0fa007002c46064a8ec9dc772024bfa34c55242edb6d3e19fd
[INFO] running `Command { std: "docker" "start" "-a" "24a64badb1375d0fa007002c46064a8ec9dc772024bfa34c55242edb6d3e19fd", kill_on_drop: false }`
[INFO] running `Command { std: "docker" "inspect" "24a64badb1375d0fa007002c46064a8ec9dc772024bfa34c55242edb6d3e19fd", kill_on_drop: false }`
[INFO] running `Command { std: "docker" "rm" "-f" "24a64badb1375d0fa007002c46064a8ec9dc772024bfa34c55242edb6d3e19fd", kill_on_drop: false }`
[INFO] [stdout] 24a64badb1375d0fa007002c46064a8ec9dc772024bfa34c55242edb6d3e19fd
[INFO] running `Command { std: "docker" "create" "-v" "/var/lib/crater-agent-workspace/builds/worker-5-tc2/target:/opt/rustwide/target:rw,Z" "-v" "/var/lib/crater-agent-workspace/builds/worker-5-tc2/source:/opt/rustwide/workdir:ro,Z" "-v" "/var/lib/crater-agent-workspace/cargo-home:/opt/rustwide/cargo-home:ro,Z" "-v" "/var/lib/crater-agent-workspace/rustup-home:/opt/rustwide/rustup-home:ro,Z" "-e" "SOURCE_DIR=/opt/rustwide/workdir" "-e" "CARGO_TARGET_DIR=/opt/rustwide/target" "-e" "CARGO_INCREMENTAL=0" "-e" "RUST_BACKTRACE=full" "-e" "RUSTFLAGS=--cap-lints=forbid" "-e" "RUSTDOCFLAGS=--cap-lints=forbid" "-e" "CARGO_HOME=/opt/rustwide/cargo-home" "-e" "RUSTUP_HOME=/opt/rustwide/rustup-home" "-w" "/opt/rustwide/workdir" "-m" "1610612736" "--user" "0:0" "--network" "none" "ghcr.io/rust-lang/crates-build-env/linux@sha256:5ff2268d62e97bff2cde7d5815dd6ed5b47097566f13b8d0ca110b04b60e07ed" "/opt/rustwide/cargo-home/bin/cargo" "+e6e4f7ed1589e03bc2f6c5931c1a72e7947e8682" "check" "--frozen" "--all" "--all-targets" "--message-format=json", kill_on_drop: false }`
[INFO] [stdout] ceeabe32955e9b1fff2aa84af22e0273cf0f6106c570b2812f7288f7e138c47a
[INFO] running `Command { std: "docker" "start" "-a" "ceeabe32955e9b1fff2aa84af22e0273cf0f6106c570b2812f7288f7e138c47a", kill_on_drop: false }`
[INFO] [stderr]    Compiling proc-macro2 v1.0.39
[INFO] [stderr]    Compiling unicode-ident v1.0.0
[INFO] [stderr]    Compiling libc v0.2.126
[INFO] [stderr]    Compiling version_check v0.9.4
[INFO] [stderr]    Compiling syn v1.0.96
[INFO] [stderr]    Compiling serde_derive v1.0.137
[INFO] [stderr]    Compiling serde v1.0.137
[INFO] [stderr]     Checking unicode-width v0.1.9
[INFO] [stderr]    Compiling unicode-segmentation v1.9.0
[INFO] [stderr]     Checking ppv-lite86 v0.2.16
[INFO] [stderr]     Checking bitflags v1.3.2
[INFO] [stderr]     Checking vec_map v0.8.2
[INFO] [stderr]     Checking ansi_term v0.12.1
[INFO] [stderr]     Checking strsim v0.8.0
[INFO] [stderr]     Checking textwrap v0.11.0
[INFO] [stderr]    Compiling proc-macro-error-attr v1.0.4
[INFO] [stderr]    Compiling proc-macro-error v1.0.4
[INFO] [stderr]    Compiling heck v0.3.3
[INFO] [stderr]    Compiling quote v1.0.18
[INFO] [stderr]     Checking getrandom v0.2.6
[INFO] [stderr]     Checking atty v0.2.14
[INFO] [stderr]     Checking clap v2.34.0
[INFO] [stderr]     Checking rand_core v0.6.3
[INFO] [stderr]     Checking rand_chacha v0.3.1
[INFO] [stderr]     Checking rand v0.8.5
[INFO] [stderr]    Compiling structopt-derive v0.4.18
[INFO] [stderr]     Checking structopt v0.3.26
[INFO] [stderr]     Checking toml v0.5.9
[INFO] [stderr]     Checking robby v0.1.0 (/opt/rustwide/workdir)
[INFO] [stdout] error[E0432]: unresolved import `crate::srand::SRng`
[INFO] [stdout]  --> src/ga.rs:3:5
[INFO] [stdout]   |
[INFO] [stdout] 3 | use crate::srand::SRng;
[INFO] [stdout]   |     ^^^^^^^^^^^^^^----
[INFO] [stdout]   |     |             |
[INFO] [stdout]   |     |             help: a similar name exists in the module: `Rng`
[INFO] [stdout]   |     no `SRng` in `srand`
[INFO] [stdout] 
[INFO] [stdout] 
[INFO] [stdout] error[E0432]: unresolved import `crate::srand::SRng`
[INFO] [stdout]  --> src/app/fitness.rs:4:5
[INFO] [stdout]   |
[INFO] [stdout] 4 | use crate::srand::SRng;
[INFO] [stdout]   |     ^^^^^^^^^^^^^^----
[INFO] [stdout]   |     |             |
[INFO] [stdout]   |     |             help: a similar name exists in the module: `Rng`
[INFO] [stdout]   |     no `SRng` in `srand`
[INFO] [stdout] 
[INFO] [stdout] 
[INFO] [stdout] warning: unused import: `rand::prelude::*`
[INFO] [stdout]  --> src/srand.rs:1:5
[INFO] [stdout]   |
[INFO] [stdout] 1 | use rand::prelude::*;
[INFO] [stdout]   |     ^^^^^^^^^^^^^^^^
[INFO] [stdout]   |
[INFO] [stdout]   = note: `#[warn(unused_imports)]` on by default
[INFO] [stdout] 
[INFO] [stdout] 
[INFO] [stdout] warning: unused import: `crate::srand::RngFactory`
[INFO] [stdout]   --> src/srand.rs:33:9
[INFO] [stdout]    |
[INFO] [stdout] 33 |     use crate::srand::RngFactory;
[INFO] [stdout]    |         ^^^^^^^^^^^^^^^^^^^^^^^^
[INFO] [stdout] 
[INFO] [stdout] 
[INFO] [stdout] warning: unused import: `rand::prelude::*`
[INFO] [stdout]   --> src/srand.rs:34:9
[INFO] [stdout]    |
[INFO] [stdout] 34 |     use rand::prelude::*;
[INFO] [stdout]    |         ^^^^^^^^^^^^^^^^
[INFO] [stdout] 
[INFO] [stdout] 
[INFO] [stdout] warning: unused import: `rand::Rng`
[INFO] [stdout]   --> src/app/actions.rs:49:9
[INFO] [stdout]    |
[INFO] [stdout] 49 |     use rand::Rng;
[INFO] [stdout]    |         ^^^^^^^^^
[INFO] [stdout] 
[INFO] [stdout] 
[INFO] [stdout] warning: unused import: `crate::app::actions::Action`
[INFO] [stdout]   --> src/app/actions.rs:50:9
[INFO] [stdout]    |
[INFO] [stdout] 50 |     use crate::app::actions::Action;
[INFO] [stdout]    |         ^^^^^^^^^^^^^^^^^^^^^^^^^^^
[INFO] [stdout] 
[INFO] [stdout] 
[INFO] [stdout] warning: unused import: `crate::srand::RngFactory`
[INFO] [stdout]   --> src/app/actions.rs:51:9
[INFO] [stdout]    |
[INFO] [stdout] 51 |     use crate::srand::RngFactory;
[INFO] [stdout]    |         ^^^^^^^^^^^^^^^^^^^^^^^^
[INFO] [stdout] 
[INFO] [stdout] 
[INFO] [stdout] error[E0432]: unresolved import `crate::srand::SRng`
[INFO] [stdout]  --> src/ga.rs:3:5
[INFO] [stdout]   |
[INFO] [stdout] 3 | use crate::srand::SRng;
[INFO] [stdout]   |     ^^^^^^^^^^^^^^----
[INFO] [stdout]   |     |             |
[INFO] [stdout]   |     |             help: a similar name exists in the module: `Rng`
[INFO] [stdout]   |     no `SRng` in `srand`
[INFO] [stdout] 
[INFO] [stdout] 
[INFO] [stdout] error[E0432]: unresolved import `crate::srand::SRng`
[INFO] [stdout]  --> src/app/fitness.rs:4:5
[INFO] [stdout]   |
[INFO] [stdout] 4 | use crate::srand::SRng;
[INFO] [stdout]   |     ^^^^^^^^^^^^^^----
[INFO] [stdout]   |     |             |
[INFO] [stdout]   |     |             help: a similar name exists in the module: `Rng`
[INFO] [stdout]   |     no `SRng` in `srand`
[INFO] [stdout] 
[INFO] [stdout] 
[INFO] [stdout] warning: unused import: `rand::prelude::*`
[INFO] [stdout]  --> src/srand.rs:1:5
[INFO] [stdout]   |
[INFO] [stdout] 1 | use rand::prelude::*;
[INFO] [stdout]   |     ^^^^^^^^^^^^^^^^
[INFO] [stdout]   |
[INFO] [stdout]   = note: `#[warn(unused_imports)]` on by default
[INFO] [stdout] 
[INFO] [stdout] 
[INFO] [stdout] error[E0599]: no function or associated item named `new` found for struct `RngFactory` in the current scope
[INFO] [stdout]   --> src/main.rs:28:32
[INFO] [stdout]    |
[INFO] [stdout] 28 |     let mut srng = RngFactory::new(opt.seed);
[INFO] [stdout]    |                                ^^^ function or associated item not found in `RngFactory`
[INFO] [stdout]    |
[INFO] [stdout]   ::: src/srand.rs:13:1
[INFO] [stdout]    |
[INFO] [stdout] 13 | pub struct RngFactory;
[INFO] [stdout]    | --------------------- function or associated item `new` not found for this struct
[INFO] [stdout]    |
[INFO] [stdout]    = help: items from traits can only be used if the trait is implemented and in scope
[INFO] [stdout]    = note: the following trait defines an item `new`, perhaps you need to implement it:
[INFO] [stdout]            candidate #1: `UniformSampler`
[INFO] [stdout] 
[INFO] [stdout] 
[INFO] [stdout] error[E0599]: no function or associated item named `new` found for struct `RngFactory` in the current scope
[INFO] [stdout]   --> src/main.rs:28:32
[INFO] [stdout]    |
[INFO] [stdout] 28 |     let mut srng = RngFactory::new(opt.seed);
[INFO] [stdout]    |                                ^^^ function or associated item not found in `RngFactory`
[INFO] [stdout]    |
[INFO] [stdout]   ::: src/srand.rs:13:1
[INFO] [stdout]    |
[INFO] [stdout] 13 | pub struct RngFactory;
[INFO] [stdout]    | --------------------- function or associated item `new` not found for this struct
[INFO] [stdout]    |
[INFO] [stdout]    = help: items from traits can only be used if the trait is implemented and in scope
[INFO] [stdout]    = note: the following trait defines an item `new`, perhaps you need to implement it:
[INFO] [stdout]            candidate #1: `UniformSampler`
[INFO] [stdout] 
[INFO] [stdout] 
[INFO] [stdout] warning: unused import: `rand::Rng`
[INFO] [stdout]   --> src/main.rs:16:5
[INFO] [stdout]    |
[INFO] [stdout] 16 | use rand::Rng;
[INFO] [stdout]    |     ^^^^^^^^^
[INFO] [stdout] 
[INFO] [stdout] 
[INFO] [stdout] warning: unused import: `rand::Rng`
[INFO] [stdout]  --> src/app/fitness.rs:5:5
[INFO] [stdout]   |
[INFO] [stdout] 5 | use rand::Rng;
[INFO] [stdout]   |     ^^^^^^^^^
[INFO] [stdout] 
[INFO] [stdout] 
[INFO] [stdout] warning: unused import: `rand::Rng`
[INFO] [stdout]  --> src/ga.rs:1:5
[INFO] [stdout]   |
[INFO] [stdout] 1 | use rand::Rng;
[INFO] [stdout]   |     ^^^^^^^^^
[INFO] [stdout] 
[INFO] [stdout] 
[INFO] [stdout] warning: unused import: `rand::Rng`
[INFO] [stdout]   --> src/main.rs:16:5
[INFO] [stdout]    |
[INFO] [stdout] 16 | use rand::Rng;
[INFO] [stdout]    |     ^^^^^^^^^
[INFO] [stdout] 
[INFO] [stdout] 
[INFO] [stdout] warning: unused import: `rand::Rng`
[INFO] [stdout]  --> src/app/fitness.rs:5:5
[INFO] [stdout]   |
[INFO] [stdout] 5 | use rand::Rng;
[INFO] [stdout]   |     ^^^^^^^^^
[INFO] [stdout] 
[INFO] [stdout] 
[INFO] [stdout] warning: unused import: `rand::Rng`
[INFO] [stdout]  --> src/ga.rs:1:5
[INFO] [stdout]   |
[INFO] [stdout] 1 | use rand::Rng;
[INFO] [stdout]   |     ^^^^^^^^^
[INFO] [stdout] 
[INFO] [stdout] 
[INFO] [stdout] error: aborting due to 3 previous errors; 4 warnings emitted
[INFO] [stdout] 
[INFO] [stdout] 
[INFO] [stdout] Some errors have detailed explanations: E0432, E0599.
[INFO] [stdout] 
[INFO] [stdout] For more information about an error, try `rustc --explain E0432`.
[INFO] [stdout] 
[INFO] [stdout] error: aborting due to 3 previous errors; 9 warnings emitted
[INFO] [stdout] 
[INFO] [stdout] 
[INFO] [stdout] Some errors have detailed explanations: E0432, E0599.
[INFO] [stdout] 
[INFO] [stdout] For more information about an error, try `rustc --explain E0432`.
[INFO] [stdout] 
[INFO] [stderr] error: could not compile `robby` (bin "robby" test) due to 4 previous errors; 9 warnings emitted
[INFO] [stderr] warning: build failed, waiting for other jobs to finish...
[INFO] [stderr] error: could not compile `robby` (bin "robby") due to 4 previous errors; 4 warnings emitted
[INFO] running `Command { std: "docker" "inspect" "ceeabe32955e9b1fff2aa84af22e0273cf0f6106c570b2812f7288f7e138c47a", kill_on_drop: false }`
[INFO] running `Command { std: "docker" "rm" "-f" "ceeabe32955e9b1fff2aa84af22e0273cf0f6106c570b2812f7288f7e138c47a", kill_on_drop: false }`
[INFO] [stdout] ceeabe32955e9b1fff2aa84af22e0273cf0f6106c570b2812f7288f7e138c47a
